{"id":22,"date":"2020-07-16T19:06:57","date_gmt":"2020-07-16T19:06:57","guid":{"rendered":"https:\/\/nahual.org\/antiguo\/?p=22"},"modified":"2020-08-08T19:09:19","modified_gmt":"2020-08-08T19:09:19","slug":"tecnicas-adicionales","status":"publish","type":"page","link":"https:\/\/nahual.org\/antiguo\/tecnicas-adicionales\/","title":{"rendered":"T\u00e9cnicas adicionales"},"content":{"rendered":"<p>Hace unos d\u00edas una persona me preguntaba el porqu\u00e9 mis ultimas p\u00e1ginas no solo hablan de Nagualismo y Chamanismo.<\/p>\n<p>Hay varias razones, primero, no puedo hablar demasiado del Nagualismo, porque el Nagualismo se funda en Hechos y no palabras; har\u00e9 una peque\u00f1a recapitulaci\u00f3n mas delante de algunas de las t\u00e9cnicas que se me ense\u00f1aron, pero no de todas, primero porque algunas pueden ser sumamente peligrosas si no se ha tenido el entrenamiento previo y salud f\u00edsica, mental y emocional necesaria, y segundo, porque la mayor\u00eda corresponden a hechos y percepciones intuitivas.<\/p>\n<blockquote><p>Nota del 2011: Es necesario manejar varias t\u00e9cnicas pero es imposible aprender una cosa diferente cada a\u00f1o a nivel experto. Es muy diferente tener fundamentos solidos de antropolog\u00eda sin ser antrop\u00f3logo, que decirse experto en \u00abacecho internautico\u00bb y decir que Bill Gates Cre\u00f3 internet, como dice Julio Diana el fundador de la secta kinam. Siguiendo el mismo ejemplo, el ser masajista a domicilio es absolutamente diferente a ser sacerdote de una asociaci\u00f3n religiosa inexistente, y ser al mismo tiempo monje zen y maestro de yogas del anahuac(sic) enfocados a ense\u00f1ar a ni\u00f1os indefensos los pasos de &#8216;el principe de las flores&#8217; o &#8216;la mariposa&#8217;.<\/p><\/blockquote>\n<p>Contradicciones como esas y\/o el aprendizaje de algo diferente a profundidad cada x meses, hacen pensar que no se maneja ninguna t\u00e9cnica a profundidad, y generalmente una o varias de esas capacidades ponen en riesgo la vida humana abusando de la credulidad de grupos vulnerables. Existe el caso de otro pseudo cham\u00e1n que se dice entrenado por un linaje chino de artes marciales desconocido. Queda a criterio del lector si algo es o no real, pero la persona debe ser capaz de seguir los principios de lo que habla y tener un trabajo. Un practicante de yoga que no siga yama y niyama, no es real. Alguien que use Castaneda como pretexto para drogas solo es un drogadicto con demasiados libros.<\/p>\n<p>La mayor parte de las personas tienen dos o mas \u00e1reas de capacidades. Citar\u00e9 una conversaci\u00f3n que tuve la semana pasada con una amiga:<\/p>\n<p>[Nagual] Este es un tema un poquito dif\u00edcil, te lo voy a explicar de una manera rid\u00edcula, pero instructiva.<\/p>\n<p>[Nagual] Algunas personas empiezan a estudiar una carrera, digamos, medicina, y de repente deciden que no es lo suyo, y lo dejan y se pasan a ingenier\u00eda, y deciden que tiene mucha matem\u00e1tica, y de ahi se pasan a letras, por ejemplo.<\/p>\n<p>[Nagual] Esas personas son aprendices de todo y oficiales de nada porque no tienen compromiso y no TERMINAN nada.<\/p>\n<p>[Nagual] Ahora supongamos que la persona estudia medicina en serio, casi la termina, y de ahi se pasa a ingenier\u00eda. Sus dos ramas de conocimiento le permitir\u00edan dise\u00f1ar aparatos para mantener vivos los \u00f3rganos, por ejemplo.<\/p>\n<p>[Nagual] Lo que pasa con gentes como tu amiga y yo, es que llegamos a dominar 3 o 4 disciplinas a nivel de maestr\u00eda, y de todo lo dem\u00e1s tenemos cierta idea; el sincretismo es cuando te das cuenta que ALGO QUE NO ESTUDIASTE Y NO CONOCES BIEN, tiene los mismos resultados\/principios, por ejemplo, yo no s\u00e9 de mec\u00e1nica pero mis conocimientos de medicina son lo suficientemente amplios para aplicarlos a \u00abregenerar\u00bb la salud del coche..<\/p>\n<p>[Amiga] A ya veo, pero juntando los 2 m\u00e9todos ayudas m\u00e1s no?<\/p>\n<p>[Nagual] Exacto.. por otra parte \u00abno todos los desarmadores sirven para el mismo tornillo\u00bb, algunos m\u00e9todos no funcionan en algunos casos, por eso es necesario dominar varios.<\/p>\n<p>Para fines pr\u00e1cticos supongamos que cada persona que estudia un camino llega al nivel que su capacidad e inteligencia le permiten, y sobre todo, la cantidad de energ\u00eda que tiene disponible. En el caso espec\u00edfico del Nagual, se tienen tres caracter\u00edsticas principales:<\/p>\n<p>Grandes cantidades de energ\u00eda<br \/>\nEl Nagual Act\u00faa. No sue\u00f1a.<br \/>\nLa sombra ( se tratar\u00e1 mas adelante en el link La sombra del Nagual. )<\/p>\n<p>Partiendo de estas premisas, un Nagual tiene grandes reservas de energ\u00eda, por lo que en un momento dado debe recorrer distintas disciplinas y Modos de actuar y pensar, que en t\u00e9rminos de Castaneda son llamados \u00abPosiciones del punto de encaje\u00bb, el seguir ciertas posiciones mas tiempo que otras, hace que a fin de cuentas se consiga mayor o menor facilidad , experiencia y poder en cada una de ellas. Aunque esto depende de terminar el camino correspondiente.<\/p>\n<p>Sin embargo, muchos \u00abbrujos\u00bb, \u00abguerreros\u00bb, \u00abcazadores\u00bb y \u00abNaguales\u00bb se ven impulsados por la incapacidad de pagar el precio del mundo real, mientras que un verdadero brujo encuentra en el mundo real los elementos de la magia.<\/p>\n<p>Dentro de la l\u00ednea que me entren\u00f3, todos los Naguales salvo una excepci\u00f3n han alcanzado la maestr\u00eda en tres o cuatro disciplinas por lo menos, hasta algunos que han llegado a dominar mas de doce.<\/p>\n<p>Desde que las \u00abvelocidades del mundo\u00bb han aumentado, las t\u00e9cnicas para enfrentarlo han cambiado, a partir de 1817, \u00e9poca de la muerte en combate del Nagual Enrique Rivera, M\u00e9xico ha tenido acceso aunque con retraso a las b\u00fasquedas o \u00abciclos del h\u00e9roe\u00bb a nivel mundial, las que han tenido una relaci\u00f3n de afinidad han sido estudiadas antes del entrenamiento en mayor o menor grado, y retomadas a\u00f1os despu\u00e9s hasta llegar al grado de maestr\u00eda, en el sentido de dominio y control absoluto sobre esa rama del conocimiento.<\/p>\n<p>Seg\u00fan las observaciones realizadas por Juana Topete en 1990, estas eran las caracter\u00edsticas de los tres que ella conoci\u00f3:<\/p>\n<table border=\"\" cellspacing=\"1\" cellpadding=\"4\">\n<tbody>\n<tr>\n<th>\n<p align=\"CENTER\">Nagual<\/p>\n<\/th>\n<th>\n<p align=\"CENTER\">Disciplinas Anteriores<\/p>\n<\/th>\n<th>\n<p align=\"CENTER\">Ocupaci\u00f3n cuando el cambio<\/p>\n<\/th>\n<th>\n<p align=\"CENTER\">Influencia mundial<\/p>\n<\/th>\n<th>\n<p align=\"CENTER\">Disciplinas posteriores<\/p>\n<\/th>\n<th>\n<p align=\"CENTER\">Talento<\/p>\n<\/th>\n<\/tr>\n<tr>\n<td>Andr\u00e9s<\/td>\n<td>Comercio, psicolog\u00eda, bienes ra\u00edces<\/td>\n<td>Heredero ex hacienda Porfirista 25 a\u00f1os<\/td>\n<td>Cristeros<\/p>\n<p>Alegres veintes<\/td>\n<td>Comunicaciones Transportes<\/p>\n<p>Kant, Plat\u00f3n<\/td>\n<td>Inversiones\/<\/p>\n<p>Resistencia al castigo<\/td>\n<\/tr>\n<tr>\n<td>Rafael<\/td>\n<td>Religi\u00f3n Comparada, budismo, sinto\u00edsmo<\/td>\n<td>Sacerdote Cat\u00f3lico, 30 a\u00f1os<\/td>\n<td>Pre Hippismo pre Alan Watts<\/p>\n<p>Mac Carthy<\/td>\n<td>Teosof\u00eda, Heidegger<\/p>\n<p>Henry Miller<\/td>\n<td>Calmar y curar\/bondad natural<\/td>\n<\/tr>\n<tr>\n<td>Alfonso<\/td>\n<td>Gurdjieff, Rodney Collin, Colin Wilson<\/td>\n<td>Estudiante Contadur\u00eda y Kung Fu 17 a\u00f1os<\/td>\n<td>Cambios tecnol\u00f3gicos\/ corrupci\u00f3n<\/td>\n<td>Seguridad. \/ L\u00f3gica simb\u00f3lica<\/td>\n<td>Separaci\u00f3n de Centros\/ Vision Cr\u00edtica<\/td>\n<\/tr>\n<\/tbody>\n<\/table>\n<p>En base al cuadro anterior se entiende porqu\u00e9 todas las pl\u00e1ticas del Nagual Rafael estaban coloreadas por la religi\u00f3n cat\u00f3lica, y porque las explicaciones del Nagual Andr\u00e9s ten\u00edan una marcada orientaci\u00f3n psicol\u00f3gica; en mi caso lo que escribo est\u00e1 influido por mis \u00e9pocas de estudiante y Gurdjieff.<\/p>\n<p>Porqu\u00e9 se siguen varias disciplinas, y no solo el Nagualismo? El Nagualismo es en s\u00ed un modo de vida, incluye una serie de conocimientos perfectamente in\u00fatiles en el mundo de todos los d\u00edas salvo riesgo de llamar la atenci\u00f3n y ser exterminado; las disciplinas adicionales son herramientas para crear un lugar o explicaci\u00f3n en el mundo que permita abrir los horizontes, y al mismo tiempo justifique ante la gente normal el modo de vida del Nagual, es una \u00abm\u00e1scara\u00bb que permite actuar libremente en tiempos de crisis; ahora bien, durante el tiempo de mi entrenamiento en Artes Marciales se us\u00f3 mucho un t\u00e9rmino que explica porqu\u00e9 no es conveniente abandonar los conocimientos anteriores, aunque aparentemente no est\u00e1 relacionado, ese punto de vista explica el problema con mucha claridad, y puede consultarse en el link La sombra del guerrero\/ el guerrero de la sombra<\/p>\n<p>El \u00fanico Nagual sin entrenamiento aparente del que tengo noticias es Enrique Rivera, que desert\u00f3 del Ej\u00e9rcito Espa\u00f1ol para unirse a los Insurgentes. Puede considerarse su historial militar como habilidad, pero tengo la impresi\u00f3n que siempre fue una Oveja Negra, no solo para Espa\u00f1a, sino para el mundo, hasta que mat\u00f3 a su superior cuando este viol\u00f3 a una criolla.<\/p>\n<p>Muchas de las acciones de Rivera son sumamente extra\u00f1as; lleg\u00f3 a M\u00e9xico a principios de 1811, convirti\u00e9ndose en Nagual en ese a\u00f1o o en 1812; no se consider\u00f3 digno de recibir \u00abla bendici\u00f3n que atormenta\u00bb, y busc\u00f3 la redenci\u00f3n y pagar el precio a trav\u00e9s de la guerra de independencia, pensando regresar despu\u00e9s, limpio de manchas y con la frente en alto.<\/p>\n<p>En 1817 fue capturado tratando de defender a Francisco Javier Mina, amigo de juventud, y fue muerto a golpes de bayoneta durante la batalla. Su hijo Guadalupe creci\u00f3 con el maestro de su Padre, convirti\u00e9ndose en 1839 en Nagual por derecho propio.<\/p>\n<p>Cada Nagual tiene ciertos modos de actuar, mismos que corresponden a su \u00e9poca, el Nagual se caracteriza por su b\u00fasqueda de lo desconocido, con todos los instrumentos que tenga a su alcance. Sin embargo, cada uno de sus actos est\u00e1 encaminado a un fin que es de tipo personal, mismo que suele tener que ver con un ideal abstracto; el Nagual Andr\u00e9s hac\u00eda todo por lo que el llamaba \u00ablibertad de credo\u00bb, El Nagual Rafael, por lo que llamaba \u00abel esp\u00edritu del hombre\u00bb, y yo, por lo que es la Justicia.<\/p>\n<p>Creo que vale la pena citar trozos de un chat de hace unas semanas con una bella dama, que creo es aplicable.<\/p>\n<p>Inician fragmentos de chat<\/p>\n<p>El Nagualismo, el ajderez, el tarot, las cartas, etc etc etc, son solo instrumentos para conseguir un fin,cuando tienes un fin, utilizas cada parte de tu conocimiento para obtenerlo.<\/p>\n<p>Si yo no estuviera en el Nagualismo, seguiria buscando la justicia, y eso podr\u00eda hacerlo de muchos modos; lo \u00fanico que cambia es el instrumento, que podria ir desde alcanzar entender las razones del mundo viendo a un perro tomar agua, hasta entrar de voluntario en Kosovo, todas las acciones solo se vuelven un instrumento.<\/p>\n<p>Es &#8230;. la magia es el conjunto de instrumentos personales, forjados en el dolor y la alegria para alcanzar con ellos una comprension de la raz\u00f3n de ser.<\/p>\n<p>Se que aunque no hubiese nacido donde estoy, o que si me hubiese criado mi madre, estar\u00edan en mi la misma sed, la misma furia y la misma paz, porque esto viene desde mas alla del tiempo, como una especie de gateo de aquello que salio de la sopa primordial centurias de milenios atr\u00e1s.<\/p>\n<p>Lo que desencadena el cambio a la \u00abnoble bestia\u00bb, es ese contactarse con el yo de hace millones de a\u00f1os, y ese background, ese fondo, poco a poco va creando algo mas que el poder de un mill\u00f3n de segundos, porque es un camino que no tiene fin, asi como la eternidad es algo est\u00e1tico, algo que nos descorazona, el infinito esta ahi, esperando que tomemos el cielo por asalto.<\/p>\n<p>Terminan fragmentos de chat<\/p>\n<p>En algun momento de mi camino llegu\u00e9 a preguntarme si existe la justicia. El entrenamiento me ha ense\u00f1ado a lo largo de los a\u00f1os que es posible crear justicia en peque\u00f1as cantidades, pero es necesario trabajar duro, luchar bien y utilizar una gran sabidur\u00eda para producir aunque sea una peque\u00f1a cantidad.<br \/>\nAlfonso Orozco &#8211; Mayo 1999<\/p>\n","protected":false},"excerpt":{"rendered":"<p>Hace unos d\u00edas una persona me preguntaba el porqu\u00e9 mis ultimas p\u00e1ginas no solo hablan de Nagualismo y Chamanismo. Hay varias razones, primero, no puedo hablar demasiado del Nagualismo, porque el Nagualismo se funda en Hechos y no palabras; har\u00e9 una peque\u00f1a recapitulaci\u00f3n mas delante de algunas de las t\u00e9cnicas que se me ense\u00f1aron, pero no de todas, primero porque algunas pueden ser sumamente peligrosas si no se ha tenido el entrenamiento previo y salud f\u00edsica, mental y emocional necesaria,&#8230;<\/p>\n<p class=\"read-more\"><a class=\"btn btn-default\" href=\"https:\/\/nahual.org\/antiguo\/tecnicas-adicionales\/\"> Leer m\u00e1s<span class=\"screen-reader-text\">  Leer m\u00e1s<\/span><\/a><\/p>\n","protected":false},"author":1,"featured_media":0,"parent":0,"menu_order":0,"comment_status":"closed","ping_status":"open","template":"","meta":{"_crdt_document":"","footnotes":""},"class_list":["post-22","page","type-page","status-publish","hentry"],"_links":{"self":[{"href":"https:\/\/nahual.org\/antiguo\/wp-json\/wp\/v2\/pages\/22","targetHints":{"allow":["GET"]}}],"collection":[{"href":"https:\/\/nahual.org\/antiguo\/wp-json\/wp\/v2\/pages"}],"about":[{"href":"https:\/\/nahual.org\/antiguo\/wp-json\/wp\/v2\/types\/page"}],"author":[{"embeddable":true,"href":"https:\/\/nahual.org\/antiguo\/wp-json\/wp\/v2\/users\/1"}],"replies":[{"embeddable":true,"href":"https:\/\/nahual.org\/antiguo\/wp-json\/wp\/v2\/comments?post=22"}],"version-history":[{"count":0,"href":"https:\/\/nahual.org\/antiguo\/wp-json\/wp\/v2\/pages\/22\/revisions"}],"wp:attachment":[{"href":"https:\/\/nahual.org\/antiguo\/wp-json\/wp\/v2\/media?parent=22"}],"curies":[{"name":"wp","href":"https:\/\/api.w.org\/{rel}","templated":true}]}}