{"id":36,"date":"2020-07-10T19:16:30","date_gmt":"2020-07-10T19:16:30","guid":{"rendered":"https:\/\/nahual.org\/antiguo\/?p=36"},"modified":"2020-08-08T19:17:00","modified_gmt":"2020-08-08T19:17:00","slug":"mitos-sobre-naguales-en-mexico","status":"publish","type":"page","link":"https:\/\/nahual.org\/antiguo\/mitos-sobre-naguales-en-mexico\/","title":{"rendered":"Mitos sobre Naguales en Mexico"},"content":{"rendered":"<p align=\"JUSTIFY\">Gracias a RMA por corregir el estilo en julio de 1999)<\/p>\n<p align=\"JUSTIFY\">Para aquellos que viven fuera de M\u00e9xico, deber\u00e9 hacer un peque\u00f1o resumen de las tendencias populares en M\u00e9xico acerca de los naguales:<\/p>\n<h3>1) Admiradores de Castaneda<\/h3>\n<p align=\"JUSTIFY\">Entran en esta categor\u00eda todos aquellos que piensan que \u00absuena bonito\u00bb ser Nagual o guerrero.<\/p>\n<h3>2) Los buscadores de la verdad<\/h3>\n<p align=\"JUSTIFY\">En esta categor\u00eda entran los que est\u00e1n dispuestos a perseverar, pero no en decir \u00absoy un Nagual\u00bb, sino los que est\u00e1n dispuestos a perseverar en una vida impecable, en el camino que eligieron.<\/p>\n<p align=\"JUSTIFY\">Aqu\u00ed entran tambi\u00e9n aquellas personas que buscan el mundo m\u00e1gico, pero yo prefiero llamarlo \u00abPensamiento m\u00e1gico\u00bb<\/p>\n<h3>3) Gente de pueblo con sentido com\u00fan<\/h3>\n<p align=\"JUSTIFY\">Aquellos que por ser incapaces de ver el pensamiento m\u00e1gico, han vivido y cre\u00eddo los tres mitos principales que acerca de los Naguales difundieron los espa\u00f1oles:<\/p>\n<p align=\"JUSTIFY\">a) Que los Naguales se comen a los ni\u00f1os.<\/p>\n<p align=\"JUSTIFY\">b) Que los Naguales violan a las muchachas que van al r\u00edo a lavar la ropa<\/p>\n<p align=\"JUSTIFY\">c) Que los Naguales se convierten en coyote, lobos o palomas<\/p>\n<p align=\"JUSTIFY\">Como los que leen esto se encuentran en las opciones uno o dos, hablar\u00e9 en esta p\u00e1gina sobre las personas n\u00famero tres, las gentes de pueblo con sentido com\u00fan, y las tres opciones siguientes:<\/p>\n<p align=\"JUSTIFY\">Las personas sencillas siempre tienen problemas para aceptar lo que no entienden, por eso, al cabo de poco tiempo empiezan a volverse o sumamente religiosas, o se convierten en adoradores del sol y la lluvia. En las \u00e9pocas antiguas, los adoradores del sol y la lluvia se reun\u00edan en lo que podemos llamar aquelarres, y las personas sumamente religiosas identificaron esas reuniones con el diablo. El \u00fanico sentido de los aquelarres es el hablar con el demonio interior, desgraciadamente como el ser humano ha creado muchas restricciones sobre la sexualidad, la mayor parte de la gente que cree estar oyendo a su demonio interior solo est\u00e1 cediendo a sus instintos confundiendo libertad con libertinaje.<\/p>\n<p align=\"JUSTIFY\">De esta manera, las personas inadaptadas que no tienen nada que ofrecer y que est\u00e1n condenadas a vivir en pueblos sin nombre y ser olvidados hasta por sus hijos, sienten un rencor natural hacia aquellos que se arriesgan, que est\u00e1n dispuestos a entrar en la batalla. Y se creen a pies juntillas todo, porque es muy f\u00e1cil echarle la culpa a los Naguales de<b> hacer, <\/b>porque ese es el pecado real, <b>hacen en lugar de so\u00f1ar<\/b>. Esto sucede tarde o temprano, por eso los naguales mantienen cierto secreto, y a pesar de ser un punto de referencia, nunca se ponen al frente de nada. Porque:<\/p>\n<p align=\"JUSTIFY\">En primer lugar, \u00bfqu\u00e9 demonios pueden ganar? \u00bfReconocimiento? \u00bf\u00bf\u00bf\u00bf\u00bfPara qu\u00e9 lo necesita un Nagual?????<\/p>\n<p align=\"JUSTIFY\">Segundo: Tienen su propia agenda oculta. Si necesitan influir en otros, deben estar fuera del centro del c\u00edrculo.<\/p>\n<p align=\"JUSTIFY\">Tercero: Los Naguales se ocultan por la misma Raz\u00f3n que Clark Kent. Hay trabajos que deben hacerse calladamente, y otros con plena conciencia y visibilidad.<\/p>\n<p align=\"JUSTIFY\">Como un Nagual no deja nada librado al azar, suele tener varias casas como punto de referencia, para que en caso que empiecen las persecuciones, pueda moverse inmediatamente sin gasto de energ\u00eda <b>ni de tiempo<\/b>.<\/p>\n<p align=\"JUSTIFY\">Cada uno de los tres mitos mexicanos sobre los Naguales tiene su raz\u00f3n de ser.<\/p>\n<p align=\"JUSTIFY\">Antes de entrar en ellos, debo recordar que el Nagual no tiene compasi\u00f3n de nada ni de nadie, pero siempre hay una m\u00e1scara que oculta esa no compasi\u00f3n. Los que ayudan a otros desinteresadamente no pueden ser Naguales ni guerreros, salvo extra\u00f1as circunstancias, porque <b>el maestro debe ser buscado, no ofrecerse \u00e9l. <\/b>El Nagual tiene un trato con el mundo, con la tierra, y cumplir ese trato es lo que lo vuelve Nagual, que en t\u00e9rminos del Nagual Andr\u00e9s, era recibir \u00abla bendici\u00f3n que atormenta\u00bb. Sin embargo, un Nagual no solo no ayuda, sino que no espera perjudicar, aunque puede hacer cualquiera de las dos cosas.<\/p>\n<p align=\"JUSTIFY\">Empecemos a revisar los 3 mitos principales que existen sobre los Naguales.<\/p>\n<p align=\"JUSTIFY\">Mito N\u00famero 1: Los Naguales se comen a los ni\u00f1os.<\/p>\n<p align=\"JUSTIFY\"><b>Que hay de verdad:<\/b> En la vida del M\u00e9xico de 1900 a la fecha, muchas gentes se han llamado a si mismos Naguales creando unas situaciones similares a harenes. \u00bfPorqu\u00e9? A mucha gente le gusta creer que est\u00e1 haciendo lo prohibido, y algunos sinceramente creen en un maestro que les pide renunciar al mundo. Un verdadero Nagual NO puede renunciar al mundo. Un Nagual que renuncie al mundo no es un Nagual, as\u00ed como tampoco lo es un Nagual que se esclavice a una parte del mundo.<\/p>\n<p align=\"JUSTIFY\">Un Nagual se come a sus hijos en los t\u00e9rminos de Castaneda: A sus debilidades. Por otra parte, ser\u00eda una tonter\u00eda comer ni\u00f1os ech\u00e1ndose encima la atenci\u00f3n de otros ( y sus rencores, adem\u00e1s de las autoridades ).<\/p>\n<p align=\"JUSTIFY\">Me viene a la mente la historia de un pseudo &#8211; Nagual que andaba por la sierra de Oaxaca hace unos diez a\u00f1os, al que citar\u00e9 en una p\u00e1gina que escribir\u00e9 mas adelante. Baste decir que los ni\u00f1os com\u00edan al ultimo, solo despu\u00e9s que el hubiese comido. Y seguramente murieron varios de hambre, pero ese no era Nagual, era una persona dominada por su importancia personal.<\/p>\n<p align=\"JUSTIFY\">Que hay de mentira:<\/p>\n<p align=\"JUSTIFY\">Un Nagual nunca hace da\u00f1o, pero cuando lo hace, no es gratuitamente, y <b>mata o deja inv\u00e1lido<\/b>. \u00bfQu\u00e9 logro puede tener hacer da\u00f1o a un beb\u00e9 ?<\/p>\n<p align=\"JUSTIFY\">Mito N\u00famero 2: Los Naguales violan a las muchachas que van al r\u00edo a lavar la ropa.<\/p>\n<p align=\"JUSTIFY\">Que hay de verdad:<\/p>\n<p align=\"JUSTIFY\">Los verdaderos Naguales suelen ser carism\u00e1ticos, tranquilos, pero apasionados, esto puede crear una atracci\u00f3n tremenda, porque el Nagual despide energ\u00eda. Cuando un Nagual no est\u00e1 ocultando su luz, el brillo es perceptible claramente, y la suma de esa energ\u00eda a la buena condici\u00f3n f\u00edsica y otras cosas, suelen crear algo que llamamos \u00abkaborka\u00bb, o magnetismo animal. Esta misma energ\u00eda es la que permite a un Nagual ordenar a los animales y hacer que le obedezcan. En el caso de los hombres Naguales se llegan a crear algunas situaciones rid\u00edculas. Y cuando digo rid\u00edculas, es porque las situaciones son de Ripley. En una p\u00e1gina posterior hablar\u00e9 del amor y el histerismo en la vida del Nagual.<\/p>\n<p align=\"JUSTIFY\">Y a la persona que me pregunt\u00f3: Un Nagual puede enamorarse, le dir\u00e9 que s\u00ed. Pero solo entre iguales, nunca puede amar a alguien que se deja llevar por la histeria, pero s\u00ed a una buscadora de la verdad.<\/p>\n<p align=\"JUSTIFY\">Por otra parte, la energ\u00eda f\u00edsica de un Nagual debe utilizarse de manera regular. Ser Nagual significa generar mas poder en una noche de sue\u00f1o que la energ\u00eda promedio de una persona en una semana. Pero esta energ\u00eda no necesariamente se expresa a trav\u00e9s del sexo. Por ejemplo, un servidor sabe leer las cartas, y leer las cartas me hace gastar una cantidad de energ\u00eda b\u00e1rbara, as\u00ed como crear un programa de mediano a grande en una tarde puede dejarme fuera de combate f\u00edsicamente por dos o tres d\u00edas.<\/p>\n<p align=\"JUSTIFY\">Sin embargo, el Nagual no se limita en algunas cosas, cuando llega el momento las cosas pasan. El Nagual no busca soluciones artificiales. Por lo mismo, su intensidad f\u00edsica crece y crece hasta que llega a un punto cr\u00edtico, y en ese momento, act\u00faa. ( Y generalmente el poder pone en su camino la soluci\u00f3n, menos mal &#8230;)<\/p>\n<p align=\"JUSTIFY\">En muchos aspectos los Naguales verdaderos son realmente sobrios, desde no usar alcohol, cigarros etc. hasta no dejarse vencer por los apetitos de la carne. Mucho menos van a promover drogas, hongos o religiones.<\/p>\n<p align=\"JUSTIFY\">Por otra parte, el gasto de energ\u00eda que representa una uni\u00f3n sexual, no puede darse a lo loco por la sencilla raz\u00f3n que no quedar\u00eda energ\u00eda para nada m\u00e1s, las reservas de energ\u00eda bajan, y se llegar\u00eda a un punto cr\u00edtico. Algunas personas llevan esto al extremo, y gastan su energ\u00eda de manera est\u00fapida poni\u00e9ndose la obligaci\u00f3n del celibato. La necesidad del mundo real debe satisfacerse, y hay cosas que vienen de algo mas all\u00e1 de la naturaleza animal, adem\u00e1s de ser necesarias, divertidas, bonitas y normales.<\/p>\n<p align=\"JUSTIFY\">Sin embargo, un Nagual que no tenga un fuerte impulso vital es como una coca cola al tiempo, algo le falta. Por lo mismo debe tenerse en cuenta la imagen del Nagual como violador, y porqu\u00e9 esta ha sido tan aceptada.<\/p>\n<p align=\"JUSTIFY\">Pienso que la relaci\u00f3n adecuada es como la de las velas con los santos: Ni tanto que queme al santo, ni tanto que no lo alumbre.<\/p>\n<p align=\"JUSTIFY\">Que hay de mentira:<\/p>\n<p align=\"JUSTIFY\">En realidad Los Naguales jam\u00e1s tienen contacto f\u00edsico con personas que sean parte del clan, a menos que sea una relaci\u00f3n mon\u00f3gama y de larga duraci\u00f3n. Incluso no estas solo con personas del otro sexo , para evitar que traten de levantarte falsos despu\u00e9s personas a las que tienes que correr por acoso de ellos o malos manejos. Cualquier tipo de poligamia es rechazada en los grupos reales, antiguos y presentes, porque se crean situaciones est\u00fapidas de celos y similares que desgastan el poder del grupo. Un Nagual no va poner en peligro el logro de su vida simplemente por un estado hormonal.<\/p>\n<p align=\"JUSTIFY\">Y relaciones sexuales con desconocidas, amores de paso, ser\u00edan una forma muy f\u00e1cil de abrirse a cosas que al Nagual no le son de utilidad, o a cosas contra las que lucha.<\/p>\n<p align=\"JUSTIFY\">Un Nagual convierte siempre pensamiento en palabras y a \u00e9ste en hechos. Cualquier relaci\u00f3n de cualquier tipo con un Nagual, viene de una forma de pensamiento que se convierte en palabras, y de ah\u00ed pasa a los hechos, por lo que no debe tomarse la falsa idea de que hay promiscuidad.<\/p>\n<p align=\"JUSTIFY\">Atenci\u00f3n: Lo anterior no contradice los flechazos rec\u00edprocos, porque estos s\u00f3lo representan que las dos personas tienen una \u00abKaborka similar\u00bb, o en otros t\u00e9rminos, configuraciones energ\u00e9ticas similares ( aunque la intensidad de \u00e9stas es otra cosa ), adem\u00e1s de sentimientos afines.<\/p>\n<p align=\"JUSTIFY\">Mito N\u00famero 3: Los Naguales se convierten en coyote, lobos o palomas<\/p>\n<p align=\"JUSTIFY\"><b>Que hay de verdad: <\/b>Como coment\u00e9 en p\u00e1ginas sobre Naguales y chamanes, estos \u00faltimos realizan tratos o viajes para conocer el esp\u00edritu animal.<\/p>\n<p align=\"JUSTIFY\">Para un Nagual hablar del esp\u00edritu animal es una soberana estupidez: Existe el esp\u00edritu o alma del hombre, y \u00e9l no nace con ella, debe crearla a lo largo de su vida. Hablar del esp\u00edritu animal es como hablar de los instintos humanos, por decirlo de alg\u00fan modo.<\/p>\n<p align=\"JUSTIFY\">Los viajes de un Nagual son en dos piernas o en un veh\u00edculo: El Nagual se mueve en el tiempo de una manera uniforme, solo se llega a pensar en animales al inicio del aprendizaje de cambio de niveles de conciencia. Es en esta parte donde se crean las confusiones entre chamanismo y Nagualismo, y donde por desgracia, quedan trabados la mayor parte de los aspirantes.<\/p>\n<p align=\"JUSTIFY\">Esto debe tratarse con mas detalle, y se har\u00e1 en las p\u00e1ginas <a href=\"http:\/\/rojointenso.net\/foros\/index.php?showtopic=1050\" target=\"_Blank\" rel=\"noopener noreferrer\">El poder de un mill\u00f3n de segundos<\/a> y La noble bestia<\/p>\n<p align=\"JUSTIFY\">Que hay de mentira:<\/p>\n<p align=\"JUSTIFY\">La transformaci\u00f3n nunca es f\u00edsica. En momentos de alta tensi\u00f3n, pueden darse ciertos cambios, algunos aprendidos como el triplicar la fuerza f\u00edsica en cuesti\u00f3n de segundos ( muy sencillo por cierto ), y otros inintencionales. Estos cambios pueden ser desde crecimiento y desaparici\u00f3n casi instant\u00e1nea de pelo, o expulsi\u00f3n de cantidades variables de sangre en las articulaciones o boca.<\/p>\n<p align=\"JUSTIFY\">Carlos Castaneda dice, \u00ab\u00bfDe qu\u00e9 sirve ser capaz de ver capullos de energ\u00eda con alas de mariposa?\u00bb<\/p>\n<p align=\"JUSTIFY\">Lo mismo pasa con las transformaciones. Cambio a paloma o a cuervo, es imposible por la sencilla raz\u00f3n de que no hay lugar a donde se desplazaran los kilos de diferencia, as\u00ed como la transformaci\u00f3n a Oso ser\u00eda imposible excepto para alguien de 200 kilos. Los que dicen que en el cambio a cuervo o paloma solo cambia la cabeza, piensen: \u00bf\u00bf\u00bf\u00bf\u00bfDejar\u00eda un Nagual su cuerpo decapitado, librado al azar ?????<\/p>\n<p align=\"JUSTIFY\">Creo que en casos extremos es posible realizar ese cambio, pero no es posible regresar despu\u00e9s de \u00e9l.<\/p>\n<p align=\"JUSTIFY\">Una historia del Nagual Andr\u00e9s cuenta que en una situaci\u00f3n de peligro extremo, que lo llev\u00f3 a volverse Nagual, se desplaz\u00f3 completa e instant\u00e1neamente una distancia de 20 kil\u00f3metros. <b>Pero como hombre, no como animal.<\/b><\/p>\n<hr \/>\n<p><b>Alfonso Orozco &#8211; Abril 1999 <\/b><\/p>\n","protected":false},"excerpt":{"rendered":"<p>Gracias a RMA por corregir el estilo en julio de 1999) Para aquellos que viven fuera de M\u00e9xico, deber\u00e9 hacer un peque\u00f1o resumen de las tendencias populares en M\u00e9xico acerca de los naguales: 1) Admiradores de Castaneda Entran en esta categor\u00eda todos aquellos que piensan que \u00absuena bonito\u00bb ser Nagual o guerrero. 2) Los buscadores de la verdad En esta categor\u00eda entran los que est\u00e1n dispuestos a perseverar, pero no en decir \u00absoy un Nagual\u00bb, sino los que est\u00e1n dispuestos&#8230;<\/p>\n<p class=\"read-more\"><a class=\"btn btn-default\" href=\"https:\/\/nahual.org\/antiguo\/mitos-sobre-naguales-en-mexico\/\"> Leer m\u00e1s<span class=\"screen-reader-text\">  Leer m\u00e1s<\/span><\/a><\/p>\n","protected":false},"author":1,"featured_media":0,"parent":0,"menu_order":0,"comment_status":"closed","ping_status":"open","template":"","meta":{"_crdt_document":"","footnotes":""},"class_list":["post-36","page","type-page","status-publish","hentry"],"_links":{"self":[{"href":"https:\/\/nahual.org\/antiguo\/wp-json\/wp\/v2\/pages\/36","targetHints":{"allow":["GET"]}}],"collection":[{"href":"https:\/\/nahual.org\/antiguo\/wp-json\/wp\/v2\/pages"}],"about":[{"href":"https:\/\/nahual.org\/antiguo\/wp-json\/wp\/v2\/types\/page"}],"author":[{"embeddable":true,"href":"https:\/\/nahual.org\/antiguo\/wp-json\/wp\/v2\/users\/1"}],"replies":[{"embeddable":true,"href":"https:\/\/nahual.org\/antiguo\/wp-json\/wp\/v2\/comments?post=36"}],"version-history":[{"count":0,"href":"https:\/\/nahual.org\/antiguo\/wp-json\/wp\/v2\/pages\/36\/revisions"}],"wp:attachment":[{"href":"https:\/\/nahual.org\/antiguo\/wp-json\/wp\/v2\/media?parent=36"}],"curies":[{"name":"wp","href":"https:\/\/api.w.org\/{rel}","templated":true}]}}