{"id":38,"date":"2020-07-09T19:17:23","date_gmt":"2020-07-09T19:17:23","guid":{"rendered":"https:\/\/nahual.org\/antiguo\/?p=38"},"modified":"2020-08-08T19:18:08","modified_gmt":"2020-08-08T19:18:08","slug":"la-mascara","status":"publish","type":"page","link":"https:\/\/nahual.org\/antiguo\/la-mascara\/","title":{"rendered":"La M\u00e1scara"},"content":{"rendered":"<p align=\"JUSTIFY\">En <a href=\"http:\/\/rojointenso.net\/foros\/index.php?showtopic=1040\" target=\"_blank\" rel=\"noopener noreferrer\">este link<\/a> hice menci\u00f3n del caballero de oros, coment\u00e9 que simb\u00f3licamente representa al guardi\u00e1n de la ley.<\/p>\n<p align=\"JUSTIFY\">Aprend\u00ed mas tarde que cuando uno avanza en su propio camino , poco a poco uno se vuelve punto de referencia, pero esto provoca que aparezcan personas que tratan de demostrar algo en un enfrentamiento.<\/p>\n<p align=\"JUSTIFY\">En la mayor parte de las circunstancias , uno debe ser capaz de <i>parecer<\/i> apagado, de mantener el fuego interno, pero vivo.<\/p>\n<p align=\"JUSTIFY\">No falta tambi\u00e9n la aparente buscadora de la verdad que toma al Nagual como un reto, como una persona a seducir para poner una marca m\u00e1s en su rev\u00f3lver.<\/p>\n<p align=\"JUSTIFY\">El problema est\u00e1 que un guerrero, y muchos menos un Nagual, no puede ser grosero, pero tampoco ser manipulado. Por suerte ser Nagual significa no tomarse las cosas personales, pero tampoco implica que por autocontrol permitas que insulten a tu esposa o da\u00f1en a tu familia personas que no tienen la posibilidad de hacer algo efectivo. Recuerdo una ocasi\u00f3n que el Nagual Rafael empez\u00f3 a ser molestado por el hermano de una persona a la que hab\u00eda curado con herbolaria y homeopat\u00eda.<\/p>\n<p align=\"JUSTIFY\">Esta persona era un fan\u00e1tico religioso, que le dec\u00eda al Nagual que dejara esa vida de superstici\u00f3n y que regresara al camino de Dios.<\/p>\n<p align=\"JUSTIFY\">Por esa \u00e9poca el Nagual deb\u00eda seguir en su casa, porque ten\u00eda unas cinco o seis personas a las que estaba curando con osteopat\u00eda. As\u00ed que el Nagual volvi\u00f3 a ir a la Iglesia, hasta que termin\u00f3 el tratamiento de esas personas. Cuando lleg\u00f3 el momento vendi\u00f3 su casa sin avisar, y simplemente, desapareci\u00f3.<\/p>\n<p align=\"JUSTIFY\">En mi caso he aprendido que ser cort\u00e9s a veces no ayuda, pero seguramente ser descorteses menos nos va a ayudar.<\/p>\n<p align=\"JUSTIFY\">Generalmente la m\u00e1scara est\u00e1 ligada con un arquetipo, <i>en caso de ser verdadera.<\/i> Si la m\u00e1scara no est\u00e1 ligada un arquetipo, es s\u00f3lo un disfraz. Por otra parte, al usar una m\u00e1scara de manera consciente, sin hacer cosas indignas a nosotros o a la m\u00e1scara, podemos conectarnos con algo que representa el arquetipo. Podemos usar muchas m\u00e1scaras, aunque no es recomendable, y tienen que ser coherentes entre s\u00ed.<\/p>\n<p align=\"JUSTIFY\">La verdadera m\u00e1scara nos da cordura, racionalidad, y juicio. Es perfectamente v\u00e1lido llamarnos \u00abLa cucaracha vengadora\u00bb, pero nosotros mismos no nos podemos tomar en serio.<\/p>\n<div class=\"faqAnswer\">\n<blockquote>\n<p align=\"JUSTIFY\"><b>Nota 2011<\/b><i>: Nunca puede ser V\u00e1lido hacerte llamar con varios nombres. No es v\u00e1lido decir que es acecho o autocontrol tratar de alterar el pasado propio o ajeno ni darte t\u00edtulos inexistentes. Eso no es Libertad de expresi\u00f3n. Es enfermedad mental.<\/i><\/p>\n<\/blockquote>\n<\/div>\n<p align=\"JUSTIFY\">A su vez, es perfectamente v\u00e1lido que la m\u00e1scara nos exija actuar como un enamorado balbuceante, o como un tonto completo, pero detr\u00e1s de la m\u00e1scara que oculta la no compasi\u00f3n, existe esta, la no compasi\u00f3n. La m\u00e1scara debe ser honrada y respetada como la propia vida; al ponerla, dejamos de ser quien somos, y podemos hacer cosas que antes ni se nos hubieran ocurrido.<\/p>\n<p align=\"JUSTIFY\">Usar m\u00e1scaras abre puertas, y las cierra. La verdadera nos da cordura y juicio.<\/p>\n<hr \/>\n<p><b>Alfonso Orozco &#8211; Agosto 1999 (verificado en may 2011) <\/b><\/p>\n","protected":false},"excerpt":{"rendered":"<p>En este link hice menci\u00f3n del caballero de oros, coment\u00e9 que simb\u00f3licamente representa al guardi\u00e1n de la ley. Aprend\u00ed mas tarde que cuando uno avanza en su propio camino , poco a poco uno se vuelve punto de referencia, pero esto provoca que aparezcan personas que tratan de demostrar algo en un enfrentamiento. En la mayor parte de las circunstancias , uno debe ser capaz de parecer apagado, de mantener el fuego interno, pero vivo. No falta tambi\u00e9n la aparente&#8230;<\/p>\n<p class=\"read-more\"><a class=\"btn btn-default\" href=\"https:\/\/nahual.org\/antiguo\/la-mascara\/\"> Leer m\u00e1s<span class=\"screen-reader-text\">  Leer m\u00e1s<\/span><\/a><\/p>\n","protected":false},"author":1,"featured_media":0,"parent":0,"menu_order":0,"comment_status":"closed","ping_status":"open","template":"","meta":{"_crdt_document":"","footnotes":""},"class_list":["post-38","page","type-page","status-publish","hentry"],"_links":{"self":[{"href":"https:\/\/nahual.org\/antiguo\/wp-json\/wp\/v2\/pages\/38","targetHints":{"allow":["GET"]}}],"collection":[{"href":"https:\/\/nahual.org\/antiguo\/wp-json\/wp\/v2\/pages"}],"about":[{"href":"https:\/\/nahual.org\/antiguo\/wp-json\/wp\/v2\/types\/page"}],"author":[{"embeddable":true,"href":"https:\/\/nahual.org\/antiguo\/wp-json\/wp\/v2\/users\/1"}],"replies":[{"embeddable":true,"href":"https:\/\/nahual.org\/antiguo\/wp-json\/wp\/v2\/comments?post=38"}],"version-history":[{"count":0,"href":"https:\/\/nahual.org\/antiguo\/wp-json\/wp\/v2\/pages\/38\/revisions"}],"wp:attachment":[{"href":"https:\/\/nahual.org\/antiguo\/wp-json\/wp\/v2\/media?parent=38"}],"curies":[{"name":"wp","href":"https:\/\/api.w.org\/{rel}","templated":true}]}}