{"id":41,"date":"2020-07-07T19:18:33","date_gmt":"2020-07-07T19:18:33","guid":{"rendered":"https:\/\/nahual.org\/antiguo\/?p=41"},"modified":"2020-08-08T19:19:02","modified_gmt":"2020-08-08T19:19:02","slug":"la-prueba","status":"publish","type":"page","link":"https:\/\/nahual.org\/antiguo\/la-prueba\/","title":{"rendered":"La prueba"},"content":{"rendered":"<p align=\"JUSTIFY\">Escribir\u00e9 sobre un tema que aparentemente no tiene que ver con el camino del Nagual, ni el del h\u00e9roe, excepto como recompensa. Hablar\u00e9 de un tema que es mas que un tema, que es la raz\u00f3n de ser de todo lo noble y bello, as\u00ed como de lo \u00fanico mas importante y poderoso que la Justicia, porque esta no puede existir sin el; obviamente, hablo del Amor.<\/p>\n<p align=\"JUSTIFY\">Pero que es el amor? El amor es f\u00edsicamente una sensaci\u00f3n de poder, de exaltaci\u00f3n, de ser capaz de mover monta\u00f1as. De poder estar despierto toda la noche, es el fuego de la vida que se mueve por las venas sin necesidad de un entrenamiento, es aquello que todos creemos conocer cuando no lo tenemos o estamos solos, y que de repente llega a nuestra vida deshaciendo las barreras creadas para soportar la soledad y la tristeza; es aquello que una vez se manifiesta, uno se pregunta como pudimos olvidar que exist\u00eda, es eso que esta mas all\u00e1 de los poetas.<\/p>\n<p align=\"JUSTIFY\">Porque f\u00edsicamente el amor se manifiesta con darnos el poder para vencer en cualquier batalla, quit\u00e1ndonos la fuerza hasta para levantar un l\u00e1piz, es aquello que hemos buscado, y algunos llegan a conocer y captar en toda su gloria.<\/p>\n<p align=\"JUSTIFY\">Emocionalmente el amor es el lugar al que podemos regresar, porque el entrenamiento de cualquier tipo lleva a una b\u00fasqueda, y el amor solo nos lleva al regreso, al regreso con nuestras ra\u00edces y nuestros genes, el amor es aquello que hace in\u00fatil cualquier entrenamiento.<\/p>\n<p align=\"JUSTIFY\">Porque?<\/p>\n<p align=\"JUSTIFY\">Porque el entrenamiento es solo un sustituto del amor; la b\u00fasqueda del conocimiento y la raz\u00f3n, y sin embargo, el amor es aquello que flota en el aire cuando el moderno Ad\u00e1n conoce a la moderna Eva, pero como ninguno da el primer paso, es necesario el entrenamiento, porque en el momento en que ambos caminen, y corran al encuentro de s\u00ed mismos, el entrenamiento no tiene sentido. Pero <i>s\u00f3lo cuando son dos los que corren hacia el mutuo encuentro sobra el entrenamiento. Cuando solo uno corre, el entrenamiento es soporte y gu\u00eda.<\/i><\/p>\n<p align=\"JUSTIFY\">Porque el amor es aquello que puede redimirnos, el amor es aquello que creemos conocer, y cuando lo encontramos, por un momento, en un momento, regresa el fuego de la juventud y la alegr\u00eda de los sue\u00f1os porque s\u00ed, es cuando nosotros podemos dejarnos ir para llegar, porque al soltarnos y entregarnos al amor, solo algo puede pasar, que el amor nos transporte a esa regi\u00f3n llamada para\u00edso, a ese lugar donde las distancias no existen, cuando las almas se juntan, aunque el cuerpo est\u00e9 a miles de kil\u00f3metros de distancia, pero a la distancia, la intensidad baja, al estar cerca, ese fuego se concentra haciendo que tiemblen las piernas y la boca diga tonter\u00edas, en el momento que se dice la palabra mas m\u00e1gica de todas : <i>MUACCCKKKKKKKKKKKKKKKKKKKKKKKKK!!!!!!!!<\/i><\/p>\n<p align=\"JUSTIFY\">Y es cuando nos damos cuenta de la estupidez de la vida del hombre moderno, al tener miedo a la entrega total, a la aceptaci\u00f3n, a decir SI, QUIERO Y ESO ES TODO, no importan las apariencias ni los lugares, quiero estar junto a ti, en el ayer, hoy, y para el ma\u00f1ana que nunca se ir\u00e1. Es tan f\u00e1cil pero si se vacila el amor da grandes penas ( seg\u00fan dicen ), ya que el AMOR VERDADERO, con may\u00fasculas, es lo \u00fanico que puede llamar de vuelta al ave de la libertad, pero una vez que volamos en su espalda, si vacilamos, el ave se va, y se puede sufrir pero nunca olvidar. Porque el amor verdadero siempre vivir\u00e1.<\/p>\n<p align=\"JUSTIFY\">Aquellos que conocen el amor, conocen solo una parte de sus formas, desgraciado de aquel del que lo conoce y lo ha perdido, por el o su pareja, porque no encontrar\u00e1 la paz hasta recuperarlo, porque el amor es mas que un rayo de luna, es mas que la fuerza que mueve al mundo.<\/p>\n<p align=\"JUSTIFY\">El amor es aquello que nos hace despertarnos en la ma\u00f1ana con el brillo en los ojos a pesar de todas las penas, el amor es lo que nos hace m\u00e1s fuertes mientras menos dormimos y comemos, el amor es aquello que tantos han renunciado a buscar, y que por eso, cuando se encuentra, se encuentra en cantidades inimaginables.<\/p>\n<p align=\"JUSTIFY\">Y una vez que se ha sentido su fuego, es entonces cuando uno entiende lo que dicen todas las tradiciones. EL amor es la llave que hace caer las cadenas que aprisionan al lobo y al hombre, es la llave que cierra el pasado y abre el porvenir, es la clave que explica todos los misterios, es la fuerza que hace a un suspiro mas poderoso que cualquier tormenta.<\/p>\n<p align=\"JUSTIFY\">Y al mismo tiempo es aquello que ilumina el mundo en las noches de penumbra, y que hace que el tiempo se detenga durante el d\u00eda; es lo que nos permite entender todo<\/p>\n<p align=\"JUSTIFY\">Es aquello que en tiempos de soledad nos hace esperar a que llegue otra vez la ma\u00f1ana el momento en que la calidez de una sonrisa y la profundidad de una mirada refrescan todo lo que nos hace seguir viviendo.<\/p>\n<p align=\"JUSTIFY\">Cuando pasa el tiempo y el amor no se ve, las limitaciones se descubren porque sin el no queda nada que motive a seguir luchando, al marcharse se van tambi\u00e9n las promesas, los deseos, los ideales, y sin ellos, no tiene sentido preocuparse por nada.<\/p>\n<p align=\"JUSTIFY\">Es dif\u00edcil decir te quiero, sobre todo si sabes que querer es algo mas que unas simples palabras. Querer es algo que esta mas all\u00e1 de un sentimiento de posesi\u00f3n, querer es dejar que salga de uno la admiraci\u00f3n ante el milagro de la vida, y sin embargo, mantener la conciencia de que hay que luchar para conservarla.<\/p>\n<p align=\"JUSTIFY\">Amor, palabra que no significa nada cuando la otra persona no est\u00e1. Es la joya que todos buscan y casi nadie encuentra, la que se escapa fugazmente estando a punto de alcanzarla, es la flor que representa la belleza de lo mundano. Y aunque alg\u00fan d\u00eda moriremos, los d\u00edas en que el amor est\u00e1 hacen que los a\u00f1os sin el valgan la pena, porque cuando no est\u00e1, queda siempre vivo su recuerdo aunque tratamos de ahogarlo, y este nos ilumina y da calor, hasta el pr\u00f3ximo tiempo de reposo.<\/p>\n<p align=\"JUSTIFY\">Pero cuando el amor se vuelve carne, cuando deja de ser solo un sue\u00f1o y es una realidad al alcance de nuestras manos, es algo hermoso, \u00fanico, espectacular. Es como una joya que ciega a aquel que osa mirarla, y el brillo de sus caras hace perder la cordura a cualquiera que trate de comprender la raz\u00f3n de que exista la noche, o por lo menos hace que uno se pregunte como medio metro puede ser tan lejos.<\/p>\n<p align=\"JUSTIFY\">Una noche de luna hace a\u00f1os, estando destrozado por los golpes de la vida, en lo alto del cerro, encontr\u00e9 a una gitana completamente loca, que en medio del bosque bailaba y abrazaba a los arboles. Ella siempre se hab\u00eda burlado al verme trepar a los arboles y correr por el cerro , o cuando simplemente estaba ah\u00ed. Esa noche no estaba yo de humor para hablar, era una \u00e9poca en que mi coraz\u00f3n se enfrentaba al tormento de saber que a pesar de amar, deb\u00eda alejar a una persona o le har\u00eda da\u00f1o, porque ya en esos tiempos me daba cuenta que el amor es un veneno, que puede matar a los que no est\u00e9n preparados para recibirlo. Y dar amor a ciertas gentes es matarlas, a todos aquellos que jamas so\u00f1aron siquiera con el amor, el verlo los asusta, y el sentirlo los mata.<\/p>\n<p align=\"JUSTIFY\">Y estaba viendo a la gitana de unos 40 a\u00f1os, con la juventud de una virgen, amar a la vida, cuando lleg\u00f3 junto a m\u00ed, y me dijo quieres saber como estar otra vez al 100% en los momentos de mayor dolor, para poder caminar como un hombre a pesar de no saber adonde? Quieres saber como saber orientarte y a donde caminar cuando los dem\u00e1s sufran y lloren y se lamenten? DIME!!! Es tan f\u00e1cil que hasta tu lo entender\u00e1s.<\/p>\n<p align=\"JUSTIFY\">Si quiero saberlo se\u00f1ora, pero debo saber cual es el precio.<\/p>\n<p align=\"JUSTIFY\">Muchacho idiota!!!! Es el orden de las cosas, el viejo que te hace caminar bajo la lluvia y quemarte las manos, te habla del poder sin culpa y del amor sin duda, como si el supiera que es eso!!!! ES al rev\u00e9s!!!!! El amor sin duda es lo \u00fanico que te dar\u00e1 el poder sin culpa, lo que te har\u00e1 inocente de todo crimen, lo que te har\u00e1 vivir y desear morir. Lo \u00fanico que nos hace morir es la duda. Mientras creas en el amor vivir\u00e1s, y el mismo amor te dir\u00e1 en el viento como matar, como amar, como dejarte vencer.<\/p>\n<p align=\"JUSTIFY\">Ama y pelea por ese amor. No te dejes llevar por lo que digan los dem\u00e1s, cuando te encuentres corriendo, de repente te dar\u00e1s cuenta de adonde vas, y llegar\u00e1s, porque vas al lugar que siempre has buscado y te est\u00e1 esperando, a la tierra donde nacen y viven los sue\u00f1os !!!!<\/p>\n<p align=\"JUSTIFY\">Y se perdi\u00f3 entre los arboles.<\/p>\n<p align=\"JUSTIFY\">Por eso algunas noches nos despertamos sin saber porqu\u00e9, cuando sentimos su ausencia y comprendemos que cuando deja un lugar ese lugar pierde toda la raz\u00f3n de ser.<\/p>\n<p align=\"JUSTIFY\">Porque, es el amor, la raz\u00f3n que redime, que cubre con la nostalgia a cualquiera que ha osado verlo un solo momento.<\/p>\n<p align=\"JUSTIFY\">Es dif\u00edcil decir que es, porque las torpes palabras no pueden referirse a una esencia tan delicada y armoniosa; tratar de alejarse de el es atraer hacia uno la desgracia, porque solo conoci\u00e9ndolo es posible apreciar las verdades de la vida.<\/p>\n<p align=\"JUSTIFY\">A la fuerza del amor doy mi vida, y aunque a veces me preguntan si me gusta ser un solitario, s\u00e9 la respuesta. Cada acto en mi vida es un acto de amor que trata de destruir el abismo entre Ad\u00e1n y Eva. S\u00e9 que he sido desterrado del para\u00edso que representa no tener lazos morales. Y s\u00e9 que el verdadero para\u00edso est\u00e1 en esta tierra. Pero no en la gente que dirige palabras o acciones vac\u00edas, sino en la que te da el coraz\u00f3n abierto.<\/p>\n<p align=\"JUSTIFY\">El coraz\u00f3n es el motor del mundo de este Nagual. El coraz\u00f3n es lo \u00fanico valioso que tengo en esta guerra para el mundo, y aunque no sea muy hermoso, ese coraz\u00f3n sangrante tiene vida, y como las balas, lleva un nombre escrito, aunque cada vez que he tratado de leer ese nombre, veo la espada del Rey Arturo, la indestructible Excalibur, con las palabras de su empu\u00f1adura, \u00abAl inconquistado\u00bb.<\/p>\n<p align=\"JUSTIFY\">Por eso digo que el amor neutraliza y hace innecesario cualquier entrenamiento, porque si estos a\u00f1os de preparaci\u00f3n para una batalla que tal vez no llegue me permiten proteger y nutrir por un momento a una persona valiosa, sabr\u00e9 que mi vida vali\u00f3 la pena.<\/p>\n<p align=\"JUSTIFY\">Y si la batalla no llega, y solo encuentro en el camino los restos de los que han muerto luchando por el amor, sabr\u00e9 que ser\u00e1 una muerte digna; esperar al amor sentado es innoble y antinatural, porque el amor es lo que nos hace dar un paso adelante, porque mientras exista vida, existe la esperanza de volverlo a tener, o para aquellos elegidos, la esperanza de conservarlo.<\/p>\n<p align=\"JUSTIFY\">Y mientras, algunos se preocupan de lo que pueden hacer, como si el amor pudiera herir!!! No creer en el amor es lo \u00fanico que hiere, si creemos en el o no creemos es lo \u00fanico que importa; si tomamos la decisi\u00f3n de rendirnos y no hacer nada o salir a la batalla por la vida y el amor.<\/p>\n<p align=\"JUSTIFY\">Pero el amor no es d\u00e9bil, no suplica ni exige, solo espera, espera el momento en que sea posible dejar de correr, espera el momento en que las cosas se aclaran por si solas, el momento en que todos los secretos se conocen, porque el amor no conoce la duda, ni el perd\u00f3n ( nada en amor merece un castigo ). Es posible amar a algo que nos lastima, y es por eso que Oscar Wilde dice \u00abLas mas grandes historias de amor que he conocido han tenido como protagonista a un solo actor sin oponente\u00bb.<\/p>\n<p align=\"JUSTIFY\">Como si el amor pudiera decirse en palabras!!!. En su llama encontramos el vigor, y en su paz la calma; el hielo que quema, el fuego que refresca, lo que une a los contrarios.<\/p>\n<p align=\"JUSTIFY\">Es el aroma que tratamos de capturar cuando respiramos en el campo, el impulso creador que resume en un solo suspiro la verdad y la calma de una luna llena, con la promesa que existe en un amanecer.<\/p>\n<p align=\"JUSTIFY\">Eso es, el amor.<\/p>\n<p align=\"JUSTIFY\">Sentir el llamado implacable que oigo yo, ba\u00f1arme en su sangre. Dejar que la fuerza de la vida circule desatada por tu alma. Porque <b><span style=\"color: #ff0000;\">ABRIR EL CORAZ\u00d3N Y SABER CERRARLO ES LA UNICA PRUEBA VERDADERA.<\/span><\/b><\/p>\n<hr \/>\n<p><b>Alfonso Orozco &#8211; Mayo 1999<\/p>\n<p><\/b><\/p>\n","protected":false},"excerpt":{"rendered":"<p>Escribir\u00e9 sobre un tema que aparentemente no tiene que ver con el camino del Nagual, ni el del h\u00e9roe, excepto como recompensa. Hablar\u00e9 de un tema que es mas que un tema, que es la raz\u00f3n de ser de todo lo noble y bello, as\u00ed como de lo \u00fanico mas importante y poderoso que la Justicia, porque esta no puede existir sin el; obviamente, hablo del Amor. Pero que es el amor? El amor es f\u00edsicamente una sensaci\u00f3n de poder,&#8230;<\/p>\n<p class=\"read-more\"><a class=\"btn btn-default\" href=\"https:\/\/nahual.org\/antiguo\/la-prueba\/\"> Leer m\u00e1s<span class=\"screen-reader-text\">  Leer m\u00e1s<\/span><\/a><\/p>\n","protected":false},"author":1,"featured_media":0,"parent":0,"menu_order":0,"comment_status":"closed","ping_status":"open","template":"","meta":{"_crdt_document":"","footnotes":""},"class_list":["post-41","page","type-page","status-publish","hentry"],"_links":{"self":[{"href":"https:\/\/nahual.org\/antiguo\/wp-json\/wp\/v2\/pages\/41","targetHints":{"allow":["GET"]}}],"collection":[{"href":"https:\/\/nahual.org\/antiguo\/wp-json\/wp\/v2\/pages"}],"about":[{"href":"https:\/\/nahual.org\/antiguo\/wp-json\/wp\/v2\/types\/page"}],"author":[{"embeddable":true,"href":"https:\/\/nahual.org\/antiguo\/wp-json\/wp\/v2\/users\/1"}],"replies":[{"embeddable":true,"href":"https:\/\/nahual.org\/antiguo\/wp-json\/wp\/v2\/comments?post=41"}],"version-history":[{"count":0,"href":"https:\/\/nahual.org\/antiguo\/wp-json\/wp\/v2\/pages\/41\/revisions"}],"wp:attachment":[{"href":"https:\/\/nahual.org\/antiguo\/wp-json\/wp\/v2\/media?parent=41"}],"curies":[{"name":"wp","href":"https:\/\/api.w.org\/{rel}","templated":true}]}}